-6).
-4
Let d = 9 - 6. Suppose d*w + 1 = 5*x + 8, -4*w = x + 6. Let a(v) = -v. What is a(x)?
2
Suppose 0 = -5*k + 14 + 6. Suppose 0 = k*p - 6*p + 4. Let b(f) = 3*f**2 + 1. Determine b(p).
13
Let v(d) = 21*d**3 - d**2 - 2*d - 1. Suppose 3 = 3*c + 5*b - 3*b, -11 = 5*c - 2*b. Give v(c).
-21
Let c be 31/6 - 5 - 153/(-54). Let w(s) = -2*s + 4. Calculate w(c).
-2
Suppose -c + r = 4, 0 = -4*r + 349 - 329. Suppose 4*p - 6 = 2. Let m(y) = 3*y + 2 + p - 3. Determine m(c).
4
Suppose 4*g - 2*d - 3*d = -21, -3*g - 12 = -3*d. Let u(y) = -7*y**3 - 2*y - 2*y**3 + 6*y**3 + g. What is u(1)?
-4
Let x be (112/21 + -5)/(1/(-3)). Let s(n) = n + 1. Give s(x).
0
Let x(w) = w**3 + 9*w**2 + 9*w + 9. Suppose -115 = -10*q - 195. What is x(q)?
1
Let z(u) = -11*u + 6. Let i(k) be the first derivative of -5*k**2/2 + 3*k - 6. Let t(c) = -13*i(c) + 6*z(c). Determine t(-2).
-1
Let s = -31 + 29. Let k(h) = 4*h - 2*h**2 + 2 + 5*h**2 + 5*h**2. What is k(s)?
26
Let x(v) = -52*v - 4. Let m be x(-3). Let t = m - 156. Let g(b) = 3*b + 4. Determine g(t).
-8
Let j(c) = c + 4. Suppose 13 = -4*r + 3*r. Let l be 2/r + 6/39. What is j(l)?
4
Let w = -5338 - -5335. Let r(k) be the second derivative of k**4/12 + 2*k**2 + k. Determine r(w).
13
Let u(b) be the third derivative of b**6/120 + b**5/12 + b**4/8 - b**3/6 - 84*b**2. Calculate u(-4).
3
Let l be 4/(-24) - (-44)/(-24). Let g(n) = 7*n**2 + 3*n + 3. Determine g(l).
25
Let q(w) = 11 - 136*w - 147*w - 142*w + 423*w. Give q(5).
1
Let c(v) = v**3 - 6*v**2 - 3. Let k be c(6). Let p(d) = d + 1. Let h(x) = -4*x - 6. Let z(y) = k*p(y) - h(y). Calculate z(-2).
1
Suppose -3*u - 2*u = 25. Let r = u - -10. Let k(f) be the second derivative of -f**5/20 + f**4/2 - f**3 - f**2/2 - 31*f. Give k(r).
-6
Let d(n) = 5 + 5*n + 1 - 6 - 11 - 3. What is d(0)?
-14
Let t(p) = 2*p - 3. Let q(x) = 2*x + 4. Let w be q(26). Let i = -54 + w. Calculate t(i).
1
Let s(z) = z**3 - z**2 + 11*z + 15. Let q(p) = 3*p**3 - 2*p**2 + 32*p + 44. Let c(r) = -6*q(r) + 17*s(r). Determine c(-4).
-5
Let f = -3 + 8. Let q be f + 0 + 0/(-7). Suppose q*u + 0*u = -15. Let a(w) = w + 2. Give a(u).
-1
Suppose -8*x + 15*x - 315 = 0. Let l(i) = -3*i**2 + 51 + 2*i + 47 + x - 144. Calculate l(-2).
-17
Let c(x) = -12*x - 160*x**2 - 14 - 159*x**2 + 318*x**2 + 3. Give c(-10).
9
Suppose 4*s = 5*p + 2, 0 = 3*s - 3*p - 0*p - 3. Let w(o) = -2*o**3 + 2*o + o**s - 3*o + 0*o - o**2. Determine w(0).
0
Let a = 188 + -185. Let i(v) = -2*v**2 + 2*v + 3. Determine i(a).
-9
Let f(n) be the third derivative of 0 + 5*n**2 - 5/24*n**4 + 0*n**3 + 0*n. What is f(1)?
-5
Let v(k) = 10*k - 8*k - 3*k + 9*k - 1 - 9*k. Calculate v(-4).
3
Let x(f) = -f**3 - 5*f**2 - 3*f - 1. Let v be (-1)/(((-4)/(-8))/((-25)/(-10))). What is x(v)?
14
Suppose -12*y + 10*y - 4 = 0. Let x(w) = -616 + 3*w + 2*w**2 + 0*w - w + 617. Calculate x(y).
5
Suppose 0*s - 3*s = 12. Let v(m) = -3*m**2 + 2*m + 5. Let w(a) = -a**2 + a + 1. Let f(o) = s*w(o) + v(o). Give f(4).
9
Let r(a) = -a**3 + 5*a**2 - 3*a + 1. Suppose -o - 11 = -5*h, o + 4*h - 4 = 3*o. What is r(o)?
5
Suppose -p - 6 = 2*a, -3*p - 7 = -5*a - 0*p. Let k(w) = w**3 - w**2 - w. Let i(u) = 6*u**3 - 9*u**2 - 3*u - 5. Let b(h) = a*i(h) + 5*k(h). Give b(4).
-3
Let r(b) = b + 15. Let h(f) = 2*f + 31. Let k(p) = 4*h(p) - 9*r(p). Let u be k(-16). Let n(j) = j - 2. Calculate n(u).
3
Let h be 18/(-1224)*-17*18/1. Let u(z) be the second derivative of 0 - z - 1/6*z**3 + h*z**2. Calculate u(5).
4
Let u(i) = -i - 1. Let q(b) = b**2 - 7*b - 18. Let a be q(-2). Determine u(a).
-1
Let f(a) = 4*a + 0 - 1 + 8*a. Let j be ((-209)/(-76))/((-1)/4). Let b = j + 12. What is f(b)?
11
Let z(r) = 6*r**3 + r**2 - 1. Let t = 3 - 6. Let c = 10 + t. Let j be 3/c - 4/(-7). Calculate z(j).
6
Let g(c) = -c - 4. Let f(t) = 2*t + 5. Let s(w) = -5*f(w) - 6*g(w). Determine s(1).
-5
Let z(f) = -9*f + 12*f + 5 + 10*f - 5. Let h(a) = a**2 + 5*a - 7. Let k be h(-6). Determine z(k).
-13
Let l(n) = 35*n + 136. Let b be l(-4). Suppose -r = 5*q - 20, 0*q - 17 = q - 4*r. Let c(k) = 3*k + k**2 + 5 + 5*k - q*k. Give c(b).
1
Let p be (2/(-1))/((-5)/35). Let h(y) = -8*y - 19*y**2 + 5 + 4 + y**3 + p*y**2. Give h(6).
-3
Let q(d) = -d**2 + 9. Let t = -22 - -25. Let f(i) = -11*i**2 - i + 4*i**2 - 2*i**t - 7 + i**3. Let y be f(-7). Give q(y).
9
Let g(a) = a**3 - 18*a**2 - 85*a - 72. Let p be g(22). Let i(m) be the second derivative of m**5/20 + m**4/2 + m**3/3 + 3*m**2 + 2*m. Give i(p).
-6
Let h(w) = w**3 - 26*w**2 + 26*w - 35. Let s be h(25). Let j be (-6)/15 + 3 - 4/s. Let q(l) = -3*l + 3. Give q(j).
-6
Let r(z) = 12*z**3 - 15*z**2 - 8. Let c(h) = -5*h**3 + 7*h**2 + 4. Let j(g) = 5*c(g) + 2*r(g). Calculate j(4).
20
Let o(r) = r**3 - r**2 - 4*r + 4. Suppose -8*h + 10 = -38. Suppose -14*c = -16*c + h. What is o(c)?
10
Let s(f) = -f**3 + 3*f**2 - 2*f - 3. Let v(w) be the first derivative of -w**3/3 - 9*w**2/2 + 25*w + 8. Let o be v(-11). What is s(o)?
-9
Let c(p) = 0*p - 4*p - 4*p - 7*p + 20*p + 1. Suppose -6 = 5*q - 1. Give c(q).
-4
Let f = -27 + 20. Let a be f/14*(-4 - 2). Let x(c) be the second derivative of -c**5/20 + c**4/3 - c**3/6 + c. Determine x(a).
6
Let d = -3 + 8. Let l(v) = -363*v**2 - 4*v**3 + v + 5*v**3 - 7 + 358*v**2. What is l(d)?
-2
Let f(d) = -381*d + 192*d - 10 + 190*d. Calculate f(11).
1
Let g(m) = -2*m + 3. Suppose -22*l + 16*l = -30. What is g(l)?
-7
Let s(h) = -h**3 + 2*h. Let q be s(-2). Let z(g) = 5*g**2 + 8 - 2*g**2 - q*g**2 + 4*g - 2*g. Let j be z(4). Let c(f) = -f**3 - f**2 + 5. Give c(j).
5
Let s(b) = 9 - 2*b - 2 + 7*b**2 - 13*b**2 - 1 + b**3. Suppose 0 = 4*a - 2*a. Let m(r) = 2*r + 6. Let g be m(a). What is s(g)?
-6
Let j = 2 + -8. Let g(d) = -17 - d**2 - 7*d - 7 + 26. Calculate g(j).
8
Suppose -8 - 6 = 3*d - 4*b, b = 3*d - 1. Let k(o) = 4*o**2 - 5*o + 4. Give k(d).
10
Let h(f) = 5 + 3*f - 9 + 2. Calculate h(3).
7
Let z(l) = l**2 + 4*l - 1. Let y be z(-3). Let n(d) = d**2 - 2. Let w(a) = -7*a**2 + 14*a**2 - 5*a**2 + 3 - 5*a**2 - 3*a. Let m(j) = -2*n(j) - w(j). Give m(y).
5
Let z(h) = h**3 - 7*h**2 + 2*h + 5. Let j be z(7). Suppose 3*a - j = -4. Suppose -8 = s - 3*w, -5*s - 20 = -10*s - a*w. Let q(f) = -9*f**3 + f. Calculate q(s).
-8
Suppose 0 = -10*k + 2*k - 40. Let c be (-7 + 4 - k)*2/4. Let y(b) = -8*b - 14. Let h(z) = -3*z - 5. Let w(a) = -17*h(a) + 6*y(a). What is w(c)?
4
Let i(l) = 2543 - 2529 - 3*l**2 - 2*l + 2*l**2. Give i(-6).
-10
Let w be (-1)/((-6)/10)*-3. Let t(d) = d**2 + 2*d - 5. Determine t(w).
10
Let q(t) = -t**3 - 6*t**2 - 8. Let j(m) = -m**2 + 13*m + 62. Let k be j(17). Give q(k).
-8
Suppose 18*o + 716 - 698 = 0. Let g(r) = 33*r**3 + r**2 - 1. What is g(o)?
-33
Suppose 32*z = 141 + 211. Let k(u) = -2*u + 24. Give k(z).
2
Let v(y) = y**3 + 12*y**2 - 13*y + 7. Let w(p) = -2*p + 4. Let u be w(1). Suppose 0*g + 2*g = -3*a - 14, 5*a = u*g + 46. What is v(g)?
7
Let x(r) be the first derivative of -1/24*r**4 + 0*r + 5/3*r**3 + 0*r**2 + 7/120*r**5 + 1. Let q(t) be the third derivative of x(t). Determine q(2).
13
Let k(s) = -s**3 + s**2 - 60. Let q be 18/3 + 0 + (-4 - 2). What is k(q)?
-60
Let p(u) = -u - 1. Let l be 2/3 + 5/(-3). Let f(a) = -3*a. Let m be f(l). Determine p(m).
-4
Let s(r) = r**3 - 2*r**2 - r + 1. Let a(t) = -22 + 12 + 4 + t + 14. Let i be a(-5). Give s(i).
7
Let a(q) be the first derivative of q**2 + 6*q + 3. Give a(-5).
-4
Let n(b) be the second derivative of -5*b**4/12 + 2*b**3/3 + 3*b**2/2 - 45*b - 1. Calculate n(-2).
-25
Let z(v) be the second derivative of 2/3*v**3 + 0 - 1/4*v**4 - 16*v - 1/20*v**5 + 2*v**2. Let p(b) = b + 5. Let f be p(-8). Calculate z(f).
-8
Let m(t) = 2*t**2 + 39*t - 29. Let u(a) = -a**3 + 14*a**2 + 16*a - 35. Let h be u(15). Let c be m(h). Let g(n) = n**2 + 8*n - 11. What is g(c)?
-2
Suppose -33*m = -56*m - 69. Let y(t) = t**3 + 7*t**2 + 5*t + 2. What is y(m)?
23
Let y(a) = -a - 12. Let t = 66 + -84. Give y(t).
6
Suppose 4*g + f + 3*f + 4 = 0, g = 4*f - 6. Let t(k) = 1 + 146*k - 48*k - 49*k - 48*k. Give t(g).
-1
Let y(j) = -3 + j - 7*j**2 + 0*j**2 + 6*j**2. Let c = -36 + 40. Determine y(c).
-15
Let o(j) = j**3 - 6*j**2 + 5*j + 3. Let s(d) = 2*d**2 + 21*d - 7. Let r be s(-11). What is o(r)?
-9
Suppose -4*z = -5*c - 5*z + 12, 30 = 5*c - 5*z. Let q(k) = -k**2 + 4. Give q(c).
-5
Let m(x) = 6*x**2 + 23 - 7*x**2 - 20 - 5*x - 10*x + 7*x**2. Give m(2).
-3
Suppose 5*p